{"id":2100,"date":"2013-12-15T12:06:43","date_gmt":"2013-12-15T12:06:43","guid":{"rendered":"http:\/\/kutyaoktatas.d250.hu\/kutyaoktatas\/?page_id=2100"},"modified":"2013-12-16T12:36:53","modified_gmt":"2013-12-16T12:36:53","slug":"panzio","status":"publish","type":"page","link":"https:\/\/kutyaoktatas.d250.hu\/kutyaoktatas\/szolgaltatasok-3\/panzio\/","title":{"rendered":"Panzi\u00f3"},"content":{"rendered":"<p>Elutazik \u00e9s nincs kire b\u00edznia kuty\u00e1j\u00e1t?<br \/>\nSzeretn\u00e9 \u0151t teljes biztons\u00e1gban tudni?<\/p>\n<p>Mi tiszta, kultur\u00e1lt k\u00f6r\u00fclm\u00e9nyek k\u00f6z\u00f6tt lak\u00e1sban, 24 \u00f3r\u00e1s fel\u00fcgyelettel vigy\u00e1zunk &#8220;szeme f\u00e9ny\u00e9re&#8221;!<\/p>\n<p>20 \u00e9v szakmai tapasztalat, szeretet, odafigyel\u00e9s!<\/p>\n<p>A n\u00e1lunk elt\u00f6lt\u00f6tt id\u0151 alatt kedvenceik nem unatkoznak. Sok s\u00e9t\u00e1t, j\u00e1t\u00e9kot, tanul\u00e1st \u00e9s nyugodt pihen\u00e9st biztos\u00edtunk nekik 24 \u00f3r\u00e1s fel\u00fcgyelet mellett!<\/p>\n<p>D\u00edja:<\/p>\n<ul>\n<li>1 kutya eset\u00e9ben 3000 Ft. \/ nap<\/li>\n<li>2 kutya eset\u00e9ben 5000 Ft. \/ nap<\/li>\n<\/ul>\n","protected":false},"excerpt":{"rendered":"<p>Elutazik \u00e9s nincs kire b\u00edznia kuty\u00e1j\u00e1t? Szeretn\u00e9 \u0151t teljes biztons\u00e1gban tudni? Mi tiszta, kultur\u00e1lt k\u00f6r\u00fclm\u00e9nyek k\u00f6z\u00f6tt lak\u00e1sban, 24 \u00f3r\u00e1s fel\u00fcgyelettel vigy\u00e1zunk &#8220;szeme f\u00e9ny\u00e9re&#8221;! 20 \u00e9v szakmai tapasztalat, szeretet, odafigyel\u00e9s! A n\u00e1lunk elt\u00f6lt\u00f6tt id\u0151 alatt kedvenceik nem unatkoznak. Sok s\u00e9t\u00e1t, j\u00e1t\u00e9kot, tanul\u00e1st \u00e9s nyugodt pihen\u00e9st biztos\u00edtunk nekik 24 \u00f3r\u00e1s fel\u00fcgyelet mellett! D\u00edja: 1 kutya eset\u00e9ben 3000 &hellip; <\/p>\n<p><a class=\"more-link block-button\" href=\"https:\/\/kutyaoktatas.d250.hu\/kutyaoktatas\/szolgaltatasok-3\/panzio\/\">Olvass tov\u00e1bb &raquo;<\/a><\/p>\n","protected":false},"author":1,"featured_media":0,"parent":1286,"menu_order":6,"comment_status":"open","ping_status":"open","template":"","meta":[],"_links":{"self":[{"href":"https:\/\/kutyaoktatas.d250.hu\/kutyaoktatas\/wp-json\/wp\/v2\/pages\/2100"}],"collection":[{"href":"https:\/\/kutyaoktatas.d250.hu\/kutyaoktatas\/wp-json\/wp\/v2\/pages"}],"about":[{"href":"https:\/\/kutyaoktatas.d250.hu\/kutyaoktatas\/wp-json\/wp\/v2\/types\/page"}],"author":[{"embeddable":true,"href":"https:\/\/kutyaoktatas.d250.hu\/kutyaoktatas\/wp-json\/wp\/v2\/users\/1"}],"replies":[{"embeddable":true,"href":"https:\/\/kutyaoktatas.d250.hu\/kutyaoktatas\/wp-json\/wp\/v2\/comments?post=2100"}],"version-history":[{"count":4,"href":"https:\/\/kutyaoktatas.d250.hu\/kutyaoktatas\/wp-json\/wp\/v2\/pages\/2100\/revisions"}],"predecessor-version":[{"id":2333,"href":"https:\/\/kutyaoktatas.d250.hu\/kutyaoktatas\/wp-json\/wp\/v2\/pages\/2100\/revisions\/2333"}],"up":[{"embeddable":true,"href":"https:\/\/kutyaoktatas.d250.hu\/kutyaoktatas\/wp-json\/wp\/v2\/pages\/1286"}],"wp:attachment":[{"href":"https:\/\/kutyaoktatas.d250.hu\/kutyaoktatas\/wp-json\/wp\/v2\/media?parent=2100"}],"curies":[{"name":"wp","href":"https:\/\/api.w.org\/{rel}","templated":true}]}}